{"id":236,"date":"2021-12-28T22:18:48","date_gmt":"2021-12-29T00:18:48","guid":{"rendered":"https:\/\/paulistapneus.com.br\/site\/?page_id=236"},"modified":"2021-12-28T22:18:48","modified_gmt":"2021-12-29T00:18:48","slug":"politicas-de-privacidade","status":"publish","type":"page","link":"http:\/\/paulistapneus.com.br\/site\/?page_id=236","title":{"rendered":"Pol\u00edticas de Privacidade"},"content":{"rendered":"\n<p>Pol\u00edtica de Privacidade e Cookies<\/p>\n\n\n\n<p>Em sintonia com as diretrizes da Lei Geral de Prote\u00e7\u00e3o de Dados Pessoais (LGPD ou LGPDP), Lei<br>n\u00ba 13.709\/2018, que \u00e9 a legisla\u00e7\u00e3o brasileira que regula as atividades de tratamento de dados<br>pessoais, informamos que nenhuma informa\u00e7\u00e3o nesta p\u00e1gina virtual ser\u00e1 recolhida sem o seu<br>consentimento, e quando colhidas ser\u00e3o restritamente destinados aos processos necess\u00e1rios<br>de envio de descontos, newsletter, suporte via SAC, cadastro e compra.<br>Temos total compromisso com a privacidade e seguran\u00e7a da sua navega\u00e7\u00e3o. Qualquer<br>informa\u00e7\u00e3o fornecida durante sua navega\u00e7\u00e3o ou contato nesta p\u00e1gina virtual n\u00e3o ser\u00e1 vendida,<br>trocada ou divulgada, com exce\u00e7\u00e3o dos casos dessas informa\u00e7\u00f5es serem necess\u00e1rias para o<br>processo de entrega e cobran\u00e7a do seu pedido.<br>Ao acessar esse site e enviar comunica\u00e7\u00f5es ou fornecer qualquer tipo de dado pessoal, voc\u00ea<br>entende os termos aqui previstos e aceita esta pol\u00edtica de privacidade, consentindo com o<br>tratamento de suas informa\u00e7\u00f5es, conforme aqui descrito ou nos termos da legisla\u00e7\u00e3o em vigor.<br>Ao navegar em nosso site, entrar em contato conosco, preencher algum cadastro, o<br>cliente\/usu\u00e1rio aceita de forma consciente compartilhar tais dados e informa\u00e7\u00f5es. Ao utilizar<br>nosso site contato, o cliente aceita tamb\u00e9m todas as pol\u00edticas e regras do nosso site, a saber:<\/p>\n\n\n\n<p>Como s\u00e3o coletadas minhas informa\u00e7\u00f5es?<\/p>\n\n\n\n<p>1 \u2013 Area do Contato<br>Na \u00e1rea de Contato, vamos solicitar dados como por exemplo nome, e-mail, telefone fixo e\/ou<br>celular, assunto e sua mensagem. Tais informa\u00e7\u00f5es s\u00e3o fundamentais para procedermos o<br>atendimento ao seu questionamento.<\/p>\n\n\n\n<p>2 \u2013 Seguran\u00e7a e privacidade<br>2.1 \u2013 Temos o compromisso de respeitar sua privacidade e garantir o sigilo de todas as<br>informa\u00e7\u00f5es que voc\u00ea nos fornece. Todos os dados cadastrados em nossa p\u00e1gina virtual s\u00e3o<br>utilizados apenas se necess\u00e1rio para a viabiliza\u00e7\u00e3o de processos de resposta e para mant\u00ea-lo<br>atualizado acerca de seu pedido.<br>2.2 \u2013 Toda navega\u00e7\u00e3o pela p\u00e1gina virtual utiliza de criptografia por certificado \u201csecure socket<br>layer\u201d (SSL).<br>3 \u2013 Suas informa\u00e7\u00f5es<br>3.1 \u2013 Ao utilizar a p\u00e1gina virtual, seu endere\u00e7o de IP (Internet Protocol) \u00e9 armazenado<br>juntamente com a DATA e HOR\u00c1RIO, com \u00fanico prop\u00f3sito de manter um LOG utilizado para<br>fins de seguran\u00e7a, caso necess\u00e1rio. Esses registros de log expiram de 3 a 6 meses.<\/p>\n\n\n\n<p>4 \u2013 Coleta de Informa\u00e7\u00f5es por outros sites, sistemas e redes sociais.<br>Esse site utiliza servi\u00e7os de terceiros, a saber:<br>Google Analytics:<br>Utilizado para colher dados de desempenho e estat\u00edsticas de acesso ao nosso site. Para mais<br>informa\u00e7\u00f5es sobre o Google Analytics, consulte os Termos de Servi\u00e7o do Google Analytics, os<br>princ\u00edpios de seguran\u00e7a e privacidade do Google Analytics e a Pol\u00edtica de Privacidade do<br>Google. N\u00e3o nos responsabilizamos pela pol\u00edtica de privacidade ou conte\u00fado presente neste<br>servi\u00e7o.<br>5 \u2013 Menores de Idade<br>N\u00e3o coletamos, processamos ou utilizamos em nossa p\u00e1gina virtual nenhuma informa\u00e7\u00e3o<br>relacionada a um indiv\u00edduo que saibamos ter menos de 18 anos de idade sem a autoriza\u00e7\u00e3o<br>pr\u00e9via e confirmada de seu representante legal. Tal representante legal tem o direito,<br>mediante solicita\u00e7\u00e3o, de acessar as informa\u00e7\u00f5es fornecidas pela crian\u00e7a ou adolescente e\/ou<br>requerer que sejam deletadas.<br>6 \u2013 Pol\u00edtica de Cookies<br>6.1 \u2013 Os cookies s\u00e3o pequenos arquivos de dados transferidos de um site da web para o disco<br>do seu computador e n\u00e3o \u00e9 utilizado por n\u00f3s para armazenar dados sens\u00edveis, somente como<br>identifica\u00e7\u00e3o da sua navega\u00e7\u00e3o.<br>6.2 \u2013 Usamos os cookies, para melhorar a sua experi\u00eancia em nosso site. Todos esses dados<br>usados s\u00e3o guardados com privacidade e seguran\u00e7a no \u00e2mbito de experi\u00eancia de navega\u00e7\u00e3o e<br>compra, esses dados s\u00e3o utilizados para diversas fun\u00e7\u00f5es inteiras que auxiliam o tratamento e<br>relacionamento com nossos clientes, por exemplo:<br>\u2022 Comunica\u00e7\u00e3o por e-mail, para envio de respostas a \u00c1rea de Contato, solicitada pelo<br>usu\u00e1rio.<br>\u2022 Personalizar o conte\u00fado visualizado na p\u00e1gina virtual. Com os esses dados, conseguimos<br>identificar seus conte\u00fados favoritos e assim personalizar e melhorar sua navega\u00e7\u00e3o em nosso<br>site, sugerir produtos que seja do seu interesse.<br>6.3 Tipos de Cookies:<br>\uf0b7 Essenciais: Estes cookies s\u00e3o necess\u00e1rios para que o website funcione, permitindo que<br>voc\u00ea navegue corretamente. Geralmente, eles s\u00e3o configurados em resposta as suas a\u00e7\u00f5es que<br>correspondem a uma solicita\u00e7\u00e3o de servi\u00e7os, tais como definir as suas prefer\u00eancias de<br>privacidade.<br>\uf0b7 Desempenho: Os cookies nos ajudam a entender como os visitantes interagem com a<br>p\u00e1gina da Empresa, fornecendo informa\u00e7\u00f5es sobre as \u00e1reas visitadas, o tempo de visita ao site<br>e quaisquer problemas encontrados, como mensagens de erro.<\/p>\n\n\n\n<p>\uf0b7 Funcionais: Os cookies permitem que a p\u00e1gina da Organiza\u00e7\u00e3o se lembre de suas<br>escolhas, para proporcionar uma experi\u00eancia melhorada e personalizada.<br>\uf0b7 Marketing: Os cookies s\u00e3o utilizados para fornecer mais conte\u00fado relevante e do<br>interesse dos Usu\u00e1rios. Podem ser utilizados para apresentar publicidade com um maior<br>direcionamento ou limitar o n\u00famero que esta \u00e9 veiculada, nas p\u00e1ginas da Organiza\u00e7\u00e3o.<br>Tamb\u00e9m, permitem a medi\u00e7\u00e3o da efic\u00e1cia de uma campanha publicit\u00e1ria lan\u00e7ada.<br>7 \u2013 Como posso retirar o meu consentimento?<br>Caso, depois de fornecer seus dados, voc\u00ea mude de ideia, voc\u00ea pode retirar o seu<br>consentimento quando quiser e assim evitar que entremos em contato para obter ou divulgar<br>informa\u00e7\u00f5es. Para retirar o seu consentimento, solicite atrav\u00e9s da \u00e1rea \u201cContato\u201d (Aba<br>dispon\u00edvel no topo da p\u00e1gina). No item \u201cQual o assunto?\u201d digite \u201cCorrigir, Alterar ou Excluir<br>meus dados pessoais\u201d. O prazo estimado para atendimento da sua solicita\u00e7\u00e3o \u00e9 de 3 dias<br>\u00fateis.<br>8 \u2013 Corrigir, Alterar ou Excluir quaisquer informa\u00e7\u00f5es pessoais<br>Se voc\u00ea gostaria de acessar, corrigir, alterar ou excluir quaisquer informa\u00e7\u00f5es pessoais que<br>temos sobre voc\u00ea, solicite atrav\u00e9s da \u00e1rea \u201cContato\u201d (Aba dispon\u00edvel no topo da p\u00e1gina). No<br>item \u201cQual o assunto?\u201d digite \u201cCorrigir, Alterar ou Excluir meus dados pessoais\u201d.<br>Em caso de d\u00favidas ou coment\u00e1rios referentes ao presente Aviso, ou para quest\u00f5es<br>relacionadas ao processamento de seus dados pessoais, entrar em contato com\u00a0<br>contato@paulistapneus.com.br<\/p>\n","protected":false},"excerpt":{"rendered":"<p>Pol\u00edtica de Privacidade e Cookies Em sintonia com as diretrizes da Lei Geral de Prote\u00e7\u00e3o de Dados Pessoais (LGPD ou LGPDP), Lein\u00ba 13.709\/2018, que \u00e9 a legisla\u00e7\u00e3o brasileira que regula as atividades de tratamento de dadospessoais, informamos que nenhuma informa\u00e7\u00e3o nesta p\u00e1gina virtual ser\u00e1 recolhida sem o seuconsentimento, e quando colhidas ser\u00e3o restritamente destinados aos&hellip;<\/p>\n","protected":false},"author":1,"featured_media":0,"parent":0,"menu_order":0,"comment_status":"closed","ping_status":"closed","template":"","meta":{"ngg_post_thumbnail":0},"_links":{"self":[{"href":"http:\/\/paulistapneus.com.br\/site\/index.php?rest_route=\/wp\/v2\/pages\/236"}],"collection":[{"href":"http:\/\/paulistapneus.com.br\/site\/index.php?rest_route=\/wp\/v2\/pages"}],"about":[{"href":"http:\/\/paulistapneus.com.br\/site\/index.php?rest_route=\/wp\/v2\/types\/page"}],"author":[{"embeddable":true,"href":"http:\/\/paulistapneus.com.br\/site\/index.php?rest_route=\/wp\/v2\/users\/1"}],"replies":[{"embeddable":true,"href":"http:\/\/paulistapneus.com.br\/site\/index.php?rest_route=%2Fwp%2Fv2%2Fcomments&post=236"}],"version-history":[{"count":1,"href":"http:\/\/paulistapneus.com.br\/site\/index.php?rest_route=\/wp\/v2\/pages\/236\/revisions"}],"predecessor-version":[{"id":237,"href":"http:\/\/paulistapneus.com.br\/site\/index.php?rest_route=\/wp\/v2\/pages\/236\/revisions\/237"}],"wp:attachment":[{"href":"http:\/\/paulistapneus.com.br\/site\/index.php?rest_route=%2Fwp%2Fv2%2Fmedia&parent=236"}],"curies":[{"name":"wp","href":"https:\/\/api.w.org\/{rel}","templated":true}]}}