{"id":39,"date":"2014-01-02T19:38:01","date_gmt":"2014-01-02T21:38:01","guid":{"rendered":"http:\/\/paulistapneus.com.br\/site\/?page_id=39"},"modified":"2014-01-02T19:54:18","modified_gmt":"2014-01-02T21:54:18","slug":"escapamentos","status":"publish","type":"page","link":"http:\/\/paulistapneus.com.br\/site\/?page_id=39","title":{"rendered":"Escapamentos"},"content":{"rendered":"<p><a href=\"http:\/\/paulistapneus.com.br\/site\/wp-content\/uploads\/Escapamento.jpg\"><img decoding=\"async\" loading=\"lazy\" class=\"alignnone size-large wp-image-74\" alt=\"Escapamento\" src=\"http:\/\/paulistapneus.com.br\/site\/wp-content\/uploads\/Escapamento-1024x333.jpg\" width=\"700\" height=\"227\" srcset=\"http:\/\/paulistapneus.com.br\/site\/wp-content\/uploads\/Escapamento-1024x333.jpg 1024w, http:\/\/paulistapneus.com.br\/site\/wp-content\/uploads\/Escapamento-300x97.jpg 300w, http:\/\/paulistapneus.com.br\/site\/wp-content\/uploads\/Escapamento.jpg 1288w\" sizes=\"(max-width: 700px) 100vw, 700px\" \/><\/a><\/p>\n<p>O sistema de escapamento de um veiculo, pode sofrer avarias por diversos motivos, dentre eles, corros\u00e3o por culpa dos combust\u00edveis brasileiros que levam muita \u00e1gua em sua composi\u00e7\u00e3o, desprendimento do autom\u00f3vel, por ruptura de alguma borracha de sustenta\u00e7\u00e3o devido a ressecamento, ou ent\u00e3o, quebra ou furos no mesmo, por raspar em alguma lombada, ou em casos de acidentes.<br \/>\nTrafegar com o escapamento em mau estado pode tazer riscos e preju\u00edzos como:<\/p>\n<p>&nbsp;<\/p>\n<ul>\n<li>MULTA POR ULTRAPASSAR OS LIMITES DE RU\u00cdDOS.<\/li>\n<li>PENETRA\u00c7\u00c3O DOS GASES DE ESCAPE NO INTERIOR DO VEICULO.<\/li>\n<li>ACIDENTES CAUSADOS POR PERDA DE UM DOS COMPONENTES.<\/li>\n<li>MAIOR CONSUMO DE COMBUST\u00cdVEL.<\/li>\n<li>MAIOR \u00cdNDICE DE POLUI\u00c7\u00c3O DO AR.\u200b<\/li>\n<\/ul>\n","protected":false},"excerpt":{"rendered":"<p>O sistema de escapamento de um veiculo, pode sofrer avarias por diversos motivos, dentre eles, corros\u00e3o por culpa dos combust\u00edveis brasileiros que levam muita \u00e1gua em sua composi\u00e7\u00e3o, desprendimento do autom\u00f3vel, por ruptura de alguma borracha de sustenta\u00e7\u00e3o devido a ressecamento, ou ent\u00e3o, quebra ou furos no mesmo, por raspar em alguma lombada, ou em&hellip;<\/p>\n","protected":false},"author":1,"featured_media":0,"parent":0,"menu_order":0,"comment_status":"closed","ping_status":"closed","template":"","meta":{"ngg_post_thumbnail":0},"_links":{"self":[{"href":"http:\/\/paulistapneus.com.br\/site\/index.php?rest_route=\/wp\/v2\/pages\/39"}],"collection":[{"href":"http:\/\/paulistapneus.com.br\/site\/index.php?rest_route=\/wp\/v2\/pages"}],"about":[{"href":"http:\/\/paulistapneus.com.br\/site\/index.php?rest_route=\/wp\/v2\/types\/page"}],"author":[{"embeddable":true,"href":"http:\/\/paulistapneus.com.br\/site\/index.php?rest_route=\/wp\/v2\/users\/1"}],"replies":[{"embeddable":true,"href":"http:\/\/paulistapneus.com.br\/site\/index.php?rest_route=%2Fwp%2Fv2%2Fcomments&post=39"}],"version-history":[{"count":2,"href":"http:\/\/paulistapneus.com.br\/site\/index.php?rest_route=\/wp\/v2\/pages\/39\/revisions"}],"predecessor-version":[{"id":75,"href":"http:\/\/paulistapneus.com.br\/site\/index.php?rest_route=\/wp\/v2\/pages\/39\/revisions\/75"}],"wp:attachment":[{"href":"http:\/\/paulistapneus.com.br\/site\/index.php?rest_route=%2Fwp%2Fv2%2Fmedia&parent=39"}],"curies":[{"name":"wp","href":"https:\/\/api.w.org\/{rel}","templated":true}]}}