{"id":43,"date":"2014-01-02T19:38:28","date_gmt":"2014-01-02T21:38:28","guid":{"rendered":"http:\/\/paulistapneus.com.br\/site\/?page_id=43"},"modified":"2014-01-02T19:56:13","modified_gmt":"2014-01-02T21:56:13","slug":"recuperacao-rodas","status":"publish","type":"page","link":"http:\/\/paulistapneus.com.br\/site\/?page_id=43","title":{"rendered":"Recupera\u00e7\u00e3o Rodas"},"content":{"rendered":"<p><a href=\"http:\/\/paulistapneus.com.br\/site\/wp-content\/uploads\/Roda.jpg\"><img decoding=\"async\" loading=\"lazy\" class=\"alignnone size-large wp-image-78\" alt=\"Roda\" src=\"http:\/\/paulistapneus.com.br\/site\/wp-content\/uploads\/Roda-1024x333.jpg\" width=\"700\" height=\"227\" srcset=\"http:\/\/paulistapneus.com.br\/site\/wp-content\/uploads\/Roda-1024x333.jpg 1024w, http:\/\/paulistapneus.com.br\/site\/wp-content\/uploads\/Roda-300x97.jpg 300w, http:\/\/paulistapneus.com.br\/site\/wp-content\/uploads\/Roda.jpg 1288w\" sizes=\"(max-width: 700px) 100vw, 700px\" \/><\/a><\/p>\n<p>Buracos, tartarugas de rodovias, ralados no meio fio, e acidentes, todos esses problemas, comprometem a integridade e est\u00e9tica do conjunto de rodas do veiculo, podendo causar no veiculo, desde um desbalanceamento do conjunto roda\/pneu, at\u00e9 vazamentos de ar, por trincas ou quebras das rodas.<\/p>\n<p>Contamos tamb\u00e9m com recupera\u00e7\u00e3o de rodas tortas, quebradas ou trincadas, com os melhores profissionais, e o melhor acabamento, por um pre\u00e7o justo.<\/p>\n<p>Para quem busca reformar suas rodas esteticamente, deixando com um visual mais agressivo, contamos com pintura personalizada de rodas de liga leve, ferro ou calotas.<\/p>\n","protected":false},"excerpt":{"rendered":"<p>Buracos, tartarugas de rodovias, ralados no meio fio, e acidentes, todos esses problemas, comprometem a integridade e est\u00e9tica do conjunto de rodas do veiculo, podendo causar no veiculo, desde um desbalanceamento do conjunto roda\/pneu, at\u00e9 vazamentos de ar, por trincas ou quebras das rodas. Contamos tamb\u00e9m com recupera\u00e7\u00e3o de rodas tortas, quebradas ou trincadas, com&hellip;<\/p>\n","protected":false},"author":1,"featured_media":0,"parent":0,"menu_order":0,"comment_status":"closed","ping_status":"closed","template":"","meta":{"ngg_post_thumbnail":0},"_links":{"self":[{"href":"http:\/\/paulistapneus.com.br\/site\/index.php?rest_route=\/wp\/v2\/pages\/43"}],"collection":[{"href":"http:\/\/paulistapneus.com.br\/site\/index.php?rest_route=\/wp\/v2\/pages"}],"about":[{"href":"http:\/\/paulistapneus.com.br\/site\/index.php?rest_route=\/wp\/v2\/types\/page"}],"author":[{"embeddable":true,"href":"http:\/\/paulistapneus.com.br\/site\/index.php?rest_route=\/wp\/v2\/users\/1"}],"replies":[{"embeddable":true,"href":"http:\/\/paulistapneus.com.br\/site\/index.php?rest_route=%2Fwp%2Fv2%2Fcomments&post=43"}],"version-history":[{"count":2,"href":"http:\/\/paulistapneus.com.br\/site\/index.php?rest_route=\/wp\/v2\/pages\/43\/revisions"}],"predecessor-version":[{"id":79,"href":"http:\/\/paulistapneus.com.br\/site\/index.php?rest_route=\/wp\/v2\/pages\/43\/revisions\/79"}],"wp:attachment":[{"href":"http:\/\/paulistapneus.com.br\/site\/index.php?rest_route=%2Fwp%2Fv2%2Fmedia&parent=43"}],"curies":[{"name":"wp","href":"https:\/\/api.w.org\/{rel}","templated":true}]}}